he highest common divisor of 822942 and 4806?
18
Calculate the greatest common factor of 15879753 and 8390.
839
What is the highest common factor of 4286 and 422087423?
2143
What is the highest common divisor of 3000 and 1123450?
50
What is the greatest common divisor of 82 and 12047071?
41
Calculate the highest common divisor of 743804 and 52.
4
Calculate the greatest common divisor of 5940270 and 245.
245
What is the highest common factor of 77904 and 43704?
72
What is the greatest common factor of 42329498 and 206?
206
What is the greatest common factor of 99035989 and 104?
13
Calculate the greatest common divisor of 646256 and 9295.
169
What is the greatest common factor of 42219 and 1386?
9
Calculate the highest common factor of 34143 and 90345.
57
Calculate the highest common divisor of 2805270 and 871.
13
What is the highest common divisor of 2397594 and 6493?
43
What is the highest common divisor of 2169042451 and 7543?
7543
What is the greatest common factor of 58 and 15476169?
29
What is the highest common factor of 259 and 9459901?
37
Calculate the greatest common divisor of 100 and 110026420.
20
Calculate the greatest common factor of 6237 and 3152520.
567
What is the highest common factor of 29734798 and 1?
1
Calculate the highest common divisor of 227907675 and 2565.
135
Calculate the highest common factor of 3816 and 78404490.
954
Calculate the highest common divisor of 197227 and 147625.
1181
What is the highest common divisor of 174 and 21465974?
58
Calculate the greatest common factor of 363579975 and 540.
135
What is the greatest common factor of 314086524 and 141?
141
What is the highest common divisor of 577615926 and 948?
474
Calculate the highest common divisor of 424442 and 736.
46
Calculate the greatest common divisor of 15 and 12663675.
15
What is the greatest common factor of 102778 and 190548?
134
Calculate the highest common factor of 222201 and 89523.
63
Calculate the greatest common factor of 3989104 and 70.
14
Calculate the greatest common factor of 22032 and 31331544.
408
Calculate the highest common divisor of 836 and 50232578.
22
Calculate the highest common divisor of 456537 and 255.
3
Calculate the greatest common factor of 1385 and 11328192.
277
What is the highest common divisor of 4864 and 846488?
152
What is the highest common divisor of 2596 and 14820?
4
Calculate the highest common divisor of 1564698 and 5586633.
11019
What is the highest common factor of 287056521 and 27?
27
Calculate the highest common divisor of 717 and 62275274.
239
Calculate the highest common factor of 37628 and 28289712.
1636
Calculate the greatest common factor of 8541504 and 8640.
1728
Calculate the highest common factor of 120796 and 2790268.
1196
Calculate the highest common factor of 12933158 and 1715.
343
What is the greatest common divisor of 42 and 2747955?
21
What is the greatest common divisor of 22904 and 2207464?
56
What is the greatest common divisor of 981 and 3565281?
327
Calculate the greatest common divisor of 225 and 2663350.
25
Calculate the greatest common divisor of 91 and 2310568.
13
What is the greatest common factor of 218431742 and 306?
34
What is the highest common divisor of 2805 and 457113?
51
What is the greatest common divisor of 154168 and 18116?
28
Calculate the highest common divisor of 1836384 and 26884.
2068
What is the highest common factor of 2669865 and 240?
15
What is the greatest common factor of 5478 and 269523078?
5478
What is the highest common factor of 1616571 and 15587?
11
Calculate the highest common factor of 250 and 27208850.
50
Calculate the greatest common divisor of 165 and 245815.
5
What is the greatest common divisor of 140973 and 74634?
21
What is the greatest common divisor of 15552 and 4025781?
243
Calculate the highest common divisor of 398 and 77633681.
199
What is the highest common divisor of 388038 and 210?
42
What is the greatest common divisor of 30 and 1806438?
6
What is the greatest common factor of 456602385 and 4514?
2257
What is the greatest common factor of 72 and 18677124?
36
Calculate the greatest common factor of 1517 and 10369.
1
Calculate the highest common divisor of 1397169 and 420039.
1269
Calculate the greatest common factor of 652 and 208495256.
652
What is the greatest common factor of 150719 and 3611?
23
Calculate the highest common divisor of 42 and 14466466.
14
Calculate the highest common divisor of 126592 and 372896.
1376
What is the highest common factor of 152356 and 100532?
164
Calculate the highest common factor of 4324 and 10224098.
2162
What is the greatest common factor of 36 and 16658916?
12
Calculate the highest common factor of 32729 and 253426339.
1423
What is the greatest common factor of 49989017 and 53?
53
Calculate the highest common factor of 26982505 and 165.
55
Calculate the highest common factor of 803223 and 9727.
71
Calculate the highest common divisor of 24 and 46466256.
24
What is the greatest common factor of 139 and 349781407?
139
Calculate the greatest common divisor of 462 and 39563328.
42
Calculate the greatest common divisor of 799 and 84141891.
799
What is the greatest common divisor of 2332 and 47632?
4
What is the greatest common factor of 40386 and 42506?
106
Calculate the highest common divisor of 1443 and 32407362.
39
Calculate the greatest common factor of 2286 and 233829.
9
Calculate the greatest common factor of 2492142 and 54.
6
What is the greatest common divisor of 954996 and 308?
28
What is the greatest common factor of 2052 and 156788?
76
What is the highest common factor of 245 and 5389895?
35
Calculate the highest common factor of 738 and 2645238.
246
Calculate the highest common factor of 12 and 72121092.
12
Calculate the greatest common factor of 636849 and 82503.
927
What is the highest common factor of 14758720 and 280160?
2720
Calculate the greatest common divisor of 37339690 and 40.
10
Calculate the highest common divisor of 9134905 and 19307.
449
Calculate the greatest common factor of 950 and 628425.
475
Calculate the highest common factor of 84448 and 11812976.
3248
Calculate the greatest common divisor of 69616 and 17200.
16
What is the greatest common factor of 15441272 and 77?
77
What is the greatest common divisor of 42845 and 1332705?
2255
Calculate the highest common divisor of 14144 and 283088.
208
What is the highest common factor of 631544 and 5963?
89
Calculate the greatest common factor of 3754650 and 4755.
15
Calculate the greatest common factor of 120033572 and 452.
452
Calculate the highest common factor of 676458 and 21744.
18
What is the greatest common factor of 5129 and 278527?
223
What is the greatest common divisor of 3210 and 1165337?
107
Calculate the highest common divisor of 29242950 and 6105.
6105
What is the highest common divisor of 831265988 and 686?
686
What is the highest common divisor of 132759 and 126671754?
4917
Calculate the highest common divisor of 71322640 and 60652.
1028
Calculate the highest common divisor of 471163 and 63511.
1477
What is the greatest common divisor of 348 and 308067?
87
Calculate the highest common factor of 1002 and 117587706.
1002
What is the highest common divisor of 428 and 756794308?
428
Calculate the highest common divisor of 7929350 and 67925.
3575
Calculate the highest common factor of 9924 and 43986476.
3308
What is the greatest common factor of 1651 and 49218469?
127
Calculate the greatest common factor of 234200820 and 140.
140
Calculate the greatest common divisor of 167410112 and 8.
8
What is the greatest common factor of 4920 and 19942728?
984
Calculate the highest common factor of 12270 and 229015460.
4090
What is the highest common divisor of 207058528 and 12416?
3104
Calculate the highest common factor of 50260 and 119950516.
10052
Calculate the highest common factor of 43609461 and 49.
49
Calculate the greatest common factor of 94185 and 2837763.
207
What is the highest common divisor of 120 and 15522680?
40
Calculate the greatest common divisor of 52660895 and 101.
101
What is the greatest common factor of 26983 and 3874625?
223
What is the greatest common factor of 75102 and 82?
2
What is the highest common factor of 15468300 and 170?
170
What is the greatest common factor of 7089 and 1809363?
417
Calculate 